Suppose -b = -7*v + 2*v + 5*r, -r + 38 = 5*v. Does 22 divide v/6*(-66)/(-2)?
True
Let v = -108 - -225. Is 5 a factor of v?
False
Suppose -7*q + 3*q = 4*i, -5*q = 2*i - 15. Does 5 divide q?
True
Suppose u - 39 = -14. Let f = u - 17. Is f a multiple of 3?
False
Suppose 9 = 4*u - 7. Suppose 0*a - 28 = -u*a. Does 6 divide a?
False
Let z(k) = 0*k + k + k + 3*k**2 + 3. Is 12 a factor of z(-3)?
True
Suppose 3*w - 625 = -13*s + 8*s, w - 4*s = 197. Is 41 a factor of w?
True
Let a be (-2)/4 - 137/(-2). Let f = -48 - -96. Let c = a - f. Is 10 a factor of c?
True
Let k = 340 + -140. Is 20 a factor of k?
True
Suppose -2*d + 5 = 5*s, -2*s + 1 = -5*d - s. Let m = 7 - d. Is 4 a factor of m?
False
Let b(h) = h**2 + 3*h - 3. Let f be b(-3). Suppose 4*o = 2*r - 0*r + 44, 44 = 3*o + 4*r. Does 15 divide (17/(-2))/(f/o)?
False
Let m(p) = 10*p**2 - 1. Let n be (-2)/(-4) + 2/4. Is 7 a factor of m(n)?
False
Let d be 0/((-5)/((-15)/(-6))). Suppose -m + 3*g + 26 = 0, 3*m - 5*g - 53 - 5 = d. Is m a multiple of 5?
False
Suppose -14 = -3*f + 238. Does 20 divide f?
False
Let b be 5/(-10) - (-7)/2. Suppose b*k + 5*g - 30 - 56 = 0, k + g = 28. Does 8 divide k?
False
Let s = 61 + -29. Let r = -12 + s. Suppose 0 = -3*i + 37 + r. Does 10 divide i?
False
Let p(s) = -s**3 - 12*s**2 - 6*s + 8. Let u be p(-11). Let g = u + 70. Is g a multiple of 9?
False
Let z = 62 + 36. Suppose -62 = -5*f + z. Is 8 a factor of (f/(-12))/(1/(-3))?
True
Suppose -19 + 3 = 2*u. Let f be 9/4 + (-6)/u. Does 4 divide f/2*20/6?
False
Let w(k) = 2*k**3 - 7*k**2 - 6*k - 5. Is 5 a factor of w(5)?
True
Let r be -2 - (1 - 2) - 12. Let n be r*9 - (0 + -1). Let i = 170 + n. Is i a multiple of 19?
False
Let f = 10 + -6. Let k(u) = -u**3 + 4*u**2 - 2*u + 2. Let g be k(f). Does 11 divide (19/(-3))/(2/g)?
False
Let t(m) = m**3 + m. Let z be t(2). Let v = -8 - -12. Is 15 a factor of (z/v)/((-3)/(-42))?
False
Does 11 divide -2 + (12 - -4) - (-1 + 0)?
False
Suppose 2*h = -4*k - 0*h - 30, 4*k + 36 = -4*h. Is 4 a factor of (-4 - -2)*63/k?
False
Is 1150/12 + 3/18 a multiple of 24?
True
Suppose 2*j + s + 2 = 0, 4*s - 28 = -j + 5*j. Let o = j - -15. Is 4 a factor of o?
True
Let t(j) = 5*j**2 - j + 1. Is t(2) a multiple of 3?
False
Suppose 12*u - 9*u = 378. Is 21 a factor of u?
True
Let x(y) = -y**2 - 8*y + 9. Let f be x(-9). Suppose 2*h + 5*z + 46 = 4*h, 3*z = f. Does 10 divide h?
False
Is 19 a factor of 1/5 - 998/(-10)?
False
Let p = 11 - -21. Suppose 4*c + c + 4*b - 43 = 0, p = 4*c + 2*b. Does 3 divide c?
False
Let l(s) = 2*s - 9. Let c = -3 + 9. Let x be l(c). Suppose 5*m = 5*h + 50, -3*m - h + 51 = x*h. Does 8 divide m?
False
Let s = -12 + 17. Does 5 divide s?
True
Is 5 a factor of (40/50)/((-2)/(-45))?
False
Is (-1)/(4 + 34/(-8)) a multiple of 2?
True
Is 25 a factor of (-2092)/(-24) + (-3)/18?
False
Suppose 168 = l + p, 6*p - p + 504 = 3*l. Is l a multiple of 28?
True
Let u(q) = q**3 + 8*q**2 + 9*q + 12. Is u(-6) a multiple of 4?
False
Let c be 4 + (1 + 0)*1. Suppose -c*k = -4*k - 56. Suppose -x + 4*x - 5*u = k, -3*x + 74 = 4*u. Is 14 a factor of x?
False
Let f = 26 + -2. Is 24 a factor of f?
True
Let v = -4 - -6. Suppose -2*x = -2*k - 156, -k + 0*k - v*x - 69 = 0. Let m = k - -113. Does 19 divide m?
True
Let f = 20 - -28. Suppose -3*s + 5*s - f = 0. Is 12 a factor of s?
True
Let d be -2*((-153)/6 - -2). Suppose -27 = -2*k + d. Is 10 a factor of k?
False
Suppose -2*j + 7*j = 0. Let z = 53 - 54. Does 9 divide z/((j + 2)/(-30))?
False
Let v(n) = -n**3 + 7*n**2 - n - 9. Is 9 a factor of v(5)?
True
Suppose -2*q = -y + 131 + 153, 282 = y - 3*q. Let x be 4/14 - y/28. Let t = x - -32. Does 11 divide t?
True
Let l be 1 + (3 - 6) + 1. Let x(g) = g**3 + g**2 + 1. Let v be x(l). Does 4 divide ((-8)/1)/(v*-2)?
True
Let x = -138 + 198. Is 12 a factor of x?
True
Let f(x) = -4*x - 2*x + 2*x**2 + 2*x - 12 - 5*x. Is f(9) a multiple of 23?
True
Suppose 3*q = -5*t + 104, -5*t = -2*q - 0*q - 114. Suppose 0 = -5*h + t - 2. Suppose 0 = k - 5*s - 18, 2*k - h*s = -3*k + 111. Is 11 a factor of k?
False
Let z = 10 + -7. Suppose 2*t = 2*l - 2*t - 148, z*t + 321 = 4*l. Does 14 divide l?
True
Let p(y) = 14*y**2 - 4. Let x be p(-3). Let v be (-3)/(-4) - x/(-8). Suppose v = 2*j - 2*c, 3*j - 7*c = -3*c + 22. Is j a multiple of 5?
True
Suppose g = 2 + 19. Does 7 divide g?
True
Suppose 3*w + 4*s + 6 = 0, -11 - 3 = -4*w + 2*s. Suppose -u + w = -0*u. Suppose -3*k = -u*k - 31. Is 11 a factor of k?
False
Let k(g) be the third derivative of -1/6*g**3 - 17/24*g**4 + 0*g + 0 - 3*g**2. Is 8 a factor of k(-1)?
True
Let r = -5 + 5. Suppose -2*j - 2*m + 42 = r, 2*j + 2*j + 2*m = 76. Is j a multiple of 17?
True
Let i = -9 + 20. Is 4 a factor of i?
False
Let m = -112 - -151. Does 6 divide m?
False
Let k(s) be the third derivative of s**8/6720 - s**7/504 + s**6/144 - s**4/24 + s**2. Let m(q) be the second derivative of k(q). Is 2 a factor of m(4)?
True
Let j = -17 + 38. Is 7 a factor of j?
True
Suppose -3*o = -3 - 0. Let x = o - -10. Is x a multiple of 5?
False
Suppose -2*x + 8 = 2*a - 5*a, -4 = 2*a. Let s be (-10)/4*18/(-15). Let p = s - x. Does 2 divide p?
True
Suppose 6*f - 2*f + 15 = j, 4*f = 0. Is j a multiple of 2?
False
Suppose -d - 4 = -3*o - 57, -4*o = 0. Suppose 3*b = 179 - d. Is 14 a factor of b?
True
Suppose 16 = 4*t + 2*n, -t + 11 = -2*n + 2. Suppose 4*h - 3*z + 16 = 0, -4 = h + t*z - 2*z. Does 3 divide 1*h*9/(-6)?
True
Let f(o) = 30*o - 4. Is 14 a factor of f(2)?
True
Suppose -3*z - 2*z - 10 = 0. Is 14 a factor of (-4 - z) + (3 - -20)?
False
Suppose 3*d + 2*d = -15. Let h = d - -5. Suppose m - h*m = -14. Does 7 divide m?
True
Let x(b) = -b**2 + 11*b - 7. Suppose n + 28 = 4*t + 3*n, -3*t + 11 = 4*n. Does 3 divide x(t)?
False
Suppose -31 - 104 = 5*h. Let z = -10 - h. Is z a multiple of 11?
False
Let n(z) = 5 + z - 2 + 3*z. Let g be n(7). Suppose -g = -b - 3*o, -3*b = -2*b - 4*o - 10. Is 7 a factor of b?
False
Suppose 0*g = g - 3. Suppose -15 = -g*u, -2*v + 5*u = -16 - 3. Does 8 divide v - (-1 + (1 - -2))?
False
Let z(i) = 15*i**2 + i - 12. Is 40 a factor of z(-3)?
True
Suppose 3 = 2*j + 31. Let f = -8 - j. Is 40/f*48/10 a multiple of 16?
True
Suppose -21 = -5*d - 4*i - 62, -5*i = 3*d + 35. Let o = d - -23. Suppose -2*u + o + 14 = 0. Is u a multiple of 8?
True
Suppose 4*x - 17 = 3*b, 2*x - 15 - 6 = -b. Let z(y) = y - 6. Let w be z(x). Suppose -2*u - w*u = -24. Does 6 divide u?
True
Suppose -2*d - 1348 = -5*b - 4*d, 524 = 2*b - 3*d. Does 45 divide b?
False
Let z be -2 + (8 - 4/2). Suppose 3 - 1 = -2*d - z*w, 2*d + 5*w = -1. Let c = d + 8. Is c a multiple of 2?
False
Let t = -4 + 3. Let d be 5*(-1 - 0)/t. Suppose 0 = -2*i + d*z + 34, 0 = -5*i - 5*z + 15. Is i a multiple of 3?
False
Let z(r) = -r**3 + 7*r**2 + 4*r - 26. Does 17 divide z(6)?
True
Let o = -3 + 1. Let p(l) = 11*l**2 + 3*l + 2. Does 17 divide p(o)?
False
Suppose -6 = -0*d - 2*d. Let a(j) = j**2 + j - 4. Let v be a(d). Let t = -1 + v. Does 7 divide t?
True
Let w be 7/(21/30) + -2. Let s be (-1)/4 + 18/w. Suppose -4*n + 2*p = -s*p - 20, -n - 2*p = -14. Is 4 a factor of n?
True
Suppose -18 - 54 = -6*r. Is r a multiple of 2?
True
Let h = 12 + -3. Let c(u) = 0*u**2 - 2*u**2 - 4 + 9*u + u**2 + h. Is c(9) a multiple of 3?
False
Suppose -912 = -5*g - 14*g. Is g a multiple of 16?
True
Suppose -4*b = -49 + 17. Let r(p) = p - 5. Is r(b) a multiple of 3?
True
Suppose -2*m + 191 - 5 = 0. Does 9 divide m?
False
Let b = -32 + 13. Let a = b - -31. Suppose d = 8 + a. Does 11 divide d?
False
Let z = -8 + 11. Suppose -2*t = a - 29, 0 = -z*t + t - 2*a + 34. Is t a multiple of 6?
True
Let q be (12/(-16))/(2/(-8)). Let r(f) = 2*f - 9. Let a(i) = -1. Let g(d) = -36*a(d) + 4*r(d). Is 11 a factor of g(q)?
False
Let m = 7 - 11. Let y be 80 - (-3 - (1 + m)). Let l = y + -42. Is l a multiple of 11?
False
Suppose 525 - 213 = 2*m. Suppose -3*n = -5*n + m. Does 25 divide n?
False
Let g = 313 + -154. Is g a multiple of 28?
False
Suppose 3 = -g + 8, -4*g = y - 23. Suppose -2*t + 7 = -y*j - t, -4*t = -j - 6. Is 19 a factor of (-76)/((-1 - j) + -3)?
True
Is 15 a factor of (-2 + 3)/(1/31)?
False
Let o = -33 + 95. Let z be (-1)/3 - 62/(-6). Suppose 0 = 2*v + z - o. Is v a multiple of 13?
True
Let j = 20 - 11. Let l = j - -6. Does 6 divide l?
False
Let q(o) be the second derivative of -o**5/20 + 2*o**4/3 - 7*o**3/6 + 5*o**2 + 2*